 tens digit of ((-177)/(-4))/(x/20)?
5
Let n = 0 - 6. Let w be 27/n*1*2. What is the units digit of 8/36 + (-178)/w?
0
Let x(c) = 252*c**2 - 23*c + 1. What is the tens digit of x(2)?
6
Suppose -4*f - 2*r + 0 = 12, -4*r = 16. Let j be (-20)/(-8)*(f - -59). Suppose -j = -5*h + 5*z, h + 2*z + 3*z = 11. What is the tens digit of h?
2
Let o = -507 - -512. What is the units digit of o?
5
Suppose -4 = -2*z - w, -z + 2*z + 16 = -5*w. Suppose -g - 3*y + 9 = 0, -2*g + y + 62 = -z*y. What is the tens digit of g?
2
What is the units digit of (-4)/22 + 896/88 + -5?
5
Suppose 4*x - 13 = -1. Let j(t) = -2*t + 3*t + 6*t + 1. What is the units digit of j(x)?
2
Suppose 0 = 5*h - 2*f + 230, -3*f - 53 = 2*h + 20. Let t = h - -65. Suppose -5*b + 124 = -t. What is the tens digit of b?
2
Suppose 4*p + 20 = -2*h, -4*p = 4*h + 7 + 21. Let k(g) be the second derivative of -g**5/10 - g**4/3 - g**3/6 + 3*g. What is the units digit of k(p)?
1
Let m(l) = -l**3 + 5*l**2 + 5*l - 10. Let h be m(5). Let w(x) = h*x**2 + 35*x - 5 + x**3 - 22*x + 0*x**2. What is the units digit of w(-14)?
9
Let i(x) be the third derivative of -x**5/60 - x**4/4 + 2*x**3/3 - 5*x**2. Let s be i(-4). Let o = 26 - s. What is the units digit of o?
4
Suppose 19 = -13*c + 175. Let s = 21 - c. What is the units digit of s?
9
Let t(j) = 1213*j**2 + j + 3. What is the thousands digit of t(-1)?
1
Suppose -f + 120 = 3*f. Let a be f/5 + -1 + -2. Suppose -5*b + 2 = -a. What is the units digit of b?
1
Let y(x) = -23*x. Let c be y(-1). Suppose -c = 4*k - q, 0*q + 4*q - 2 = -2*k. What is the tens digit of ((-1)/(-2))/(k/(-180))?
1
Let d(i) = -72*i**3 + 4*i**2 + 3*i - 1. Let u be d(-2). Suppose -3*v + 267 = 2*x + 33, 5*x - 5*v = u. What is the hundreds digit of x?
1
Suppose 22*o = 19*o + 93. What is the tens digit of o?
3
Let o(b) = 36*b + 3. Let y be 36/15 + -2*1/5. What is the units digit of o(y)?
5
Let g = -34 - -36. Suppose -a - 9 = q - g*q, 5*q - 37 = 3*a. What is the units digit of q?
5
What is the hundreds digit of 722/7 + (-4)/28?
1
Suppose 14*y - 5 = 13*y. Suppose y*b = 277 + 183. What is the units digit of b?
2
What is the units digit of 3/((-329)/70 - -5)?
0
Let n = 178 + 750. What is the tens digit of n?
2
Suppose -y + 5*y - 88 = -4*p, 42 = 3*p - 5*y. Suppose -4*z + 95 = p. What is the units digit of z?
9
Let i = 47 - 43. What is the tens digit of 3/(0 + 3)*(133 + i)?
3
What is the thousands digit of ((-2021)/3)/((-10)/30)?
2
Suppose -1134 = -4*h + 7018. What is the thousands digit of h?
2
Let i = 51 + -185. Let b = 193 + i. What is the units digit of b?
9
Let c(d) = d**3 + 2*d**2 + 4*d + 245. What is the hundreds digit of c(0)?
2
What is the thousands digit of 9*16/504 + (-52525)/(-35)?
1
Let d(s) be the first derivative of -7*s**2 - 38*s - 7. What is the units digit of d(-3)?
4
Let a(q) be the second derivative of 2*q**3/3 + 3*q**2 - 28*q - 2. Suppose 2*j + z = -8 + 17, -j + 8 = 4*z. What is the units digit of a(j)?
2
Let t(d) = -90*d**3 + d**2 + d. Suppose 3*g - 4*z = -3, 0 = g + 3*z + 1. Let b be t(g). Suppose -14 = 2*v - b. What is the units digit of v?
8
Let c(z) = 2*z + 47. Let y(g) = -g**3 - 9*g**2 + 3. Let m be y(-9). Let s be (m - 1 - -1) + -3. What is the tens digit of c(s)?
4
Let d be -1 + 2/((-6)/717). Let o = d - -99. What is the tens digit of o/(-15)*(-1 + 6)?
4
What is the hundreds digit of (-9*1)/((-57)/2299)?
3
Let i = -83 + 143. What is the tens digit of (-4)/(i/(-27))*15?
2
Let x be (-12)/(-36) - 1468/(-6). Suppose 6*u - 11*u = -x. What is the tens digit of u?
4
Suppose -4*w = 4*m + 28, w - 5*m + 4 - 15 = 0. Let x be 2/(-4) - (-7)/2. Let g = x - w. What is the units digit of g?
7
Let h(k) = -56*k - 459. What is the hundreds digit of h(-33)?
3
Let k = 259 - 119. Suppose 4*s = -s - k. Let r = 55 + s. What is the tens digit of r?
2
Let j(r) = 3*r**2 - 1. Let i be j(1). Let k(z) = 6*z + 3. Let h(b) = 3*b + 2. Let q(u) = i*k(u) - 5*h(u). What is the units digit of q(-16)?
4
Let d(x) = -47*x + 283. What is the units digit of d(3)?
2
Suppose 237 = m - 22*v + 26*v, v + 863 = 4*m. What is the tens digit of m?
1
Let z = -1582 - -2128. What is the tens digit of z?
4
Suppose 7530 = 7*w - 2466. What is the thousands digit of w?
1
Let j(r) = -9*r - 8 + 3 - 2 + 2*r - 6*r**2 - r**3. Let y be j(-5). Suppose -y*z + 63 = -6. What is the units digit of z?
3
Let n(p) = -159*p - 378. What is the hundreds digit of n(-9)?
0
Suppose -4*t - 1321 = 983. What is the units digit of (-3)/(-5) - t/15?
9
Suppose 2*z = -f + 7099, -15050 + 4409 = -3*z - 4*f. What is the thousands digit of z?
3
Suppose 4*x - 2457 = -3*v + 5842, 0 = -4*v - x + 11087. What is the thousands digit of v?
2
Let h = -10 + 13. Suppose -23 = -k + 2*k - h*l, 4*l = k + 27. Let q = k - -22. What is the tens digit of q?
1
Suppose -2*c + 6 = 0, 0 = 3*r - 2*c - 26 + 5. What is the units digit of r?
9
Suppose 0 = 5*t + 5 - 15. Let v(r) = 13*r**2 + 5*r - 5. What is the units digit of v(t)?
7
Suppose -5*t - 4 = -9*t. Suppose 4*u = 5*j - 219, 0 = u + t. Let a = -6 + j. What is the units digit of a?
7
Let c(o) = 5*o**2 + 25*o - 14. What is the tens digit of c(6)?
1
What is the tens digit of ((-43)/(-258))/((-2)/(-6))*5134?
6
Let s = 1296 - 853. What is the units digit of s?
3
Let p be 5/((-5)/2) + -8 + 1. Let m(j) = -j**3 - 7*j**2 + 14*j + 6. What is the units digit of m(p)?
2
Let u(h) = -h**3 + 2*h**2 + 2*h - 1. Let s be u(2). Suppose -3 = s*l + 3. What is the units digit of 4 - (-2)/l - -39?
2
Suppose 5*p - 128 = -3. Let t(r) = -4*r**2 + 4*r + 1. Let u be t(3). Let y = u + p. What is the units digit of y?
2
Suppose 17*u + 6646 = 4*o + 14*u, 5*o - 8323 = -4*u. What is the hundreds digit of o?
6
Let b(h) = -2*h + 13. Let a be b(6). What is the tens digit of (a - 66/(-3)) + 4?
2
What is the tens digit of ((-34150)/(-125))/(4/10)?
8
Let h(z) = -24*z - 21. Let i(j) = -j**2 - 4*j - 1. Let o be i(-5). What is the hundreds digit of h(o)?
1
Let b(v) = -v**2 + 4*v + 9. Let s be b(7). Let f be 3*s/(-9) + -1. Suppose -10 = -3*h + 4*p, -5*h + 12 - f = p. What is the units digit of h?
2
Suppose -7584 - 2916 = -5*d. What is the hundreds digit of d?
1
Let c = -814 + 1162. Let y be (-4)/(-10) + c/5. Suppose 3*k + y = 4*z, -k = -3*z - 2*k + 59. What is the tens digit of z?
1
Let q(t) = 241*t**2 - 24*t - 47. What is the units digit of q(-2)?
5
Let s be -4*(140/8)/(-7). Let u = -8 + s. Suppose 54 = -0*f + u*f. What is the units digit of f?
7
Let n(w) = -218*w + 95. What is the hundreds digit of n(-6)?
4
Suppose 2*o + q + 483 = -2*o, 3*o + 361 = -2*q. Let c = o + 211. Suppose -4*i = i - c. What is the tens digit of i?
1
Let w = 29 + -43. Let l = w + 21. Suppose -3*m + l*m = -t + 91, -m + 3*t + 26 = 0. What is the units digit of m?
3
Let c be (-3 + -1 - -87) + 1. Suppose 5*z - 5*d - 760 = 0, -2*z + c = -5*d - 235. Suppose -z + 47 = -4*j. What is the tens digit of j?
2
Suppose 0 = -3*x + 5*x - 3000. What is the units digit of x?
0
Let z(k) = 13*k - 2. Let j be z(2). Let f be (-2)/12 - (-196)/j. Suppose -f = 3*n - 5*n. What is the units digit of n?
4
Suppose 2*q = -4*y + 1816, -28*q = -30*q - 2*y + 1822. What is the units digit of q?
4
Let d be 25 + (-2)/(-4)*-10. Suppose 2*z + d = 208. What is the tens digit of z?
9
Let z = -1041 - -1312. What is the units digit of z?
1
Let m(v) = v - 5. Let i = 12 + -6. Let h be m(i). Suppose -2*p + 11 = -h. What is the units digit of p?
6
Let b(z) = 17*z - 3. Let c be b(-1). Let g = c - -29. What is the units digit of g?
9
Let x be (1 + -10)*(-20)/20. Suppose x*m - 14*m + 30 = 0. What is the units digit of m?
6
Suppose 2*n - 119 = -467. Let r = 403 + n. What is the tens digit of r?
2
Let f(o) = 5*o + 78. Let h be f(8). Let j = 107 + h. What is the units digit of j?
5
Suppose -2*s - 10 = -4. Let k = s - -5. What is the units digit of k?
2
Let r = -1646 + 3213. What is the tens digit of r?
6
Suppose 2*f - 2*c - 3 = f, 4*c = -f + 33. What is the units digit of f/1 - (-4)/4?
4
Let i(o) = -23*o - 150. What is the units digit of i(-13)?
9
Let y be -5 - (2 + -2) - -5. What is the hundreds digit of 1 - (y + 2) - 124/(-1)?
1
Let m = -8 + 36. What is the units digit of -2 + 522/10 - m/(-35)?
1
Let n = 30 + -69. Let u be (26/n)/(2/(-75)). Suppose 29 + u = t. What is the units digit of t?
4
Let h(d) = 83*d**2 + 9*d + 13. What is the tens digit of